{"id":55964,"date":"2025-11-21T20:14:51","date_gmt":"2025-11-21T20:14:51","guid":{"rendered":"https:\/\/cummingscentre.org\/wp-content\/uploads\/Coordinateur-a-la-conference-des-reclamations-.pdf"},"modified":"2025-11-21T20:14:51","modified_gmt":"2025-11-21T20:14:51","slug":"coordinateur-a-la-conference-des-reclamations-2","status":"inherit","type":"attachment","link":"https:\/\/cummingscentre.org\/fr\/coordinateur-a-la-conference-des-reclamations-2\/","title":{"rendered":"Coordinateur \u00e0 la conf\u00e9rence des r\u00e9clamations"},"author":17,"featured_media":0,"comment_status":"closed","ping_status":"closed","template":"","meta":[],"class_list":["post-55964","attachment","type-attachment","status-inherit","hentry"],"aioseo_notices":[],"description":{"rendered":"<p class=\"attachment\"><a href='https:\/\/cummingscentre.org\/wp-content\/uploads\/Coordinateur-a-la-conference-des-reclamations-.pdf'>Coordinateur \u00e0 la conf\u00e9rence des r\u00e9clamations<\/a><\/p>\n"},"caption":{"rendered":"<p>Coordinateur \u00e0 la conf\u00e9rence des r\u00e9clamations<\/p>\n"},"alt_text":"","media_type":"file","mime_type":"application\/pdf","media_details":{"filesize":144592,"sizes":{}},"post":null,"source_url":"https:\/\/cummingscentre.org\/wp-content\/uploads\/Coordinateur-a-la-conference-des-reclamations-.pdf","_links":{"self":[{"href":"https:\/\/cummingscentre.org\/fr\/wp-json\/wp\/v2\/media\/55964","targetHints":{"allow":["GET"]}}],"collection":[{"href":"https:\/\/cummingscentre.org\/fr\/wp-json\/wp\/v2\/media"}],"about":[{"href":"https:\/\/cummingscentre.org\/fr\/wp-json\/wp\/v2\/types\/attachment"}],"author":[{"embeddable":true,"href":"https:\/\/cummingscentre.org\/fr\/wp-json\/wp\/v2\/users\/17"}],"replies":[{"embeddable":true,"href":"https:\/\/cummingscentre.org\/fr\/wp-json\/wp\/v2\/comments?post=55964"}]}}

Coordinateur à la conférence des réclamations

<p class="attachment"><a href='https://cummingscentre.org/wp-content/uploads/Coordinateur-a-la-conference-des-reclamations-.pdf'>Coordinateur à la conférence des réclamations</a></p>

<p>Coordinateur à la conférence des réclamations</p>
